rs of n(-43)?
2, 431
Let b(w) = w**3 + 21*w**2 + 20*w + 22. Let z be -1*(4 - 2)*-1. Suppose 50 = -3*v + z*k, 5*v + 80 = 7*k - 3*k. What are the prime factors of b(v)?
2, 11
Let g(d) = 23*d - 21. Let s be g(4). Let z = s + -42. Let b = z + 55. What are the prime factors of b?
2, 3, 7
Suppose 173361 = -47*l + 271284 + 257209. List the prime factors of l.
2, 1889
Let q(u) = -6958*u - 548. List the prime factors of q(-2).
2, 3, 557
Suppose 5*t - 15 = 2*t. Suppose -3*z + 4*z = t*b - 2558, -2*z = -5*b + 2561. List the prime factors of b.
7, 73
Let t(k) = -9*k + 23. Let o(q) = q**2 - 12*q + 26. Let r be o(4). List the prime factors of t(r).
7, 11
Let r be 18*(-3)/(-90) + 44/10. Suppose -a + 351 = q, -1764 = -r*q + a + 3*a. What are the prime factors of q?
2, 11
Suppose -2*q + 651 = -7596 - 3053. List the prime factors of q.
2, 5, 113
Let u(c) be the third derivative of 277*c**5/60 + c**4/12 + c**3/2 + 49*c**2. What are the prime factors of u(-1)?
2, 139
Let q(r) = 1418*r**3 - 5*r**2 + 13*r + 18. Let k(t) = 473*t**3 - 2*t**2 + 4*t + 6. Let c(j) = 8*k(j) - 3*q(j). List the prime factors of c(-1).
2, 5, 47
Let o(g) = g**3 + 15*g**2 - g + 12. Let q be o(-15). Let m(r) = -r**3 + 27*r**2 + 23*r - 15. List the prime factors of m(q).
2, 3, 101
Suppose -u - 2*q + 51734 = -3087, q = 2*u - 109682. List the prime factors of u.
3, 677
Let t = 422 - 413. List the prime factors of (-99)/(-66)*4800/t.
2, 5
Suppose 5*i - 5*v + 37 = -4*v, 5*i = 3*v - 41. Let n be (0 - 0) + (-6 - (i + 4)). Let p = n - -9. What are the prime factors of p?
2, 3
What are the prime factors of 15*(-5598)/(-5) - -2?
2, 13, 17, 19
Suppose 496*x - 1694437 + 4360 - 2408867 = 0. List the prime factors of x.
2, 1033
Suppose -37 = 4*z - 757. Let o = 218 - z. List the prime factors of o.
2, 19
Let o = -6460 - -9525. List the prime factors of o.
5, 613
Suppose 4*a - 7*a + 24 = 0. Suppose -13*r + a*r + 10 = 0. Suppose -4*n = -3*y - r*y - 2, 3*y + 2*n = 12. What are the prime factors of y?
2
Let t be -1 + 323 + 1 + 5. Suppose 0*b = 3*b + k - 533, 4*b = 4*k + 732. Let j = t - b. What are the prime factors of j?
149
Suppose -4*h = 4*l - 351636, 2*h = 5*h - l - 263715. What are the prime factors of (-2)/(-10) + h/245?
359
List the prime factors of (-20465)/(-20)*(-6)/15*-20.
2, 4093
Suppose -18067 - 92795 = -3*y. List the prime factors of y.
2, 3, 2053
Let b be 10897/(-51) - 12/9. Let d(z) = 4*z**3 - z**2 - z - 2. Let p be d(-3). Let w = p - b. List the prime factors of w.
3, 11
Let o(w) = -768 - 9*w - w + 770 + 15*w**2 + 3*w**2. What are the prime factors of o(6)?
2, 5, 59
Let s(d) = -d**3 + 8*d**2 - 4*d - 1. Let z be s(7). Suppose -18*x - 522 = -z*x. List the prime factors of x.
3, 29
Let h(k) = -3*k - k**3 - 10*k - 4*k**2 + 9*k. Let m be h(-3). Suppose -m*o = 0, -5*x - 3*o + 182 = -113. What are the prime factors of x?
59
Suppose -7*m = -5*m - 428. Suppose -4*z = m - 1046. Suppose 648 = 5*s + z. List the prime factors of s.
2, 11
Suppose -86*a + 81*a = -15. Let m(g) = 19*g**3 + g**2 - 5*g + 1. What are the prime factors of m(a)?
2, 127
Suppose 6*m - 12 = 3*m. Suppose 3*o = -5*s + 7*o + 1501, m*o = 4. What are the prime factors of s?
7, 43
Let v(q) = -7*q**2 + 5300*q**3 + 32 - 5303*q**3 - 12*q - q**2. What are the prime factors of v(-7)?
3, 251
Let j = -59817 - -90753. List the prime factors of j.
2, 3, 1289
Let b be 50/3 - (-6)/(-9). Let h = b - 19. What are the prime factors of h - (2/(-5) + 892/(-20))?
2, 3, 7
Let y(d) = -d**3 - 3*d**2 - 5*d - 2. Suppose 2*z - 4*o - 16 = 0, -5*o + 10 = 3*z + 2*z. Suppose z + 36 = -8*c. List the prime factors of y(c).
73
Suppose -2*p = 4*w - 16, 4*p + w = -0*w + 18. Suppose 2*k + 26 = -3*m, -5*k + 13 - 36 = p*m. What are the prime factors of 17/((-4)/m - 0)?
3, 17
Let l be 6/(-45) + (-22240)/(-300). Suppose -7*g + 6*g = -p + 5, -3*p + 15 = -g. Let r = p + l. List the prime factors of r.
79
What are the prime factors of 3 + (9/((-99)/(-44)) - (-1220 - 2))?
1229
Let h(p) be the first derivative of -54*p**2 + 41*p - 89. List the prime factors of h(-7).
797
Let d = -14 + 18. Suppose -2*y + 185 = u - d*y, -4*y = 2*u - 378. List the prime factors of u.
11, 17
Suppose -2*w + 33 = s, -2*w - 2*w = 3*s - 71. Suppose -12*v + w*v - 624 = 0. Suppose -2*d = 4*a - v, -2*d - 20 = 3*a - 328. What are the prime factors of d?
2, 37
Suppose 3*g = -2*g + 2*h - 60, 3*h - 27 = 3*g. Let i(x) = -3*x + 124. List the prime factors of i(g).
2, 83
Suppose 541725 = 20*d - 536235. What are the prime factors of d?
2, 3, 13, 691
Let f = 34 - 33. Let j(y) = 3*y**3 - 2*y**2 + 1. Let n be j(f). Suppose -3*m + 0*m - n*p + 456 = 0, -3*m + 453 = p. What are the prime factors of m?
2, 3, 5
Suppose 5*o + 3*r = 88, 7*o = 3*o + 4*r + 96. What are the prime factors of ((-647)/(-2))/(((-95)/o)/(-19))?
2, 647
Suppose 11*p = 2*c - 3478, 2*c - 2935 = -5*p + 671. List the prime factors of c.
1783
Let a(p) = -3*p - 23. Let w(q) = -3*q - 24. Let d(x) = 6*a(x) - 5*w(x). Let z be (-11)/((2 - -1)/3). List the prime factors of d(z).
3, 5
Let b(v) = -546*v**3 + 4*v**2 - 4*v + 7. Let l(y) = -2184*y**3 + 16*y**2 - 16*y + 30. Let o(i) = -9*b(i) + 2*l(i). List the prime factors of o(1).
3, 181
Let z(l) = -5*l - 13. Let x be z(-3). Suppose 15 - 1 = -x*s. What are the prime factors of (1 + -4)/(s/63)?
3
Let v(n) = 5*n**2 - 2*n + 4. Let s be v(-4). Let o(m) = 19*m + 38. Let d be o(-5). Let f = s + d. List the prime factors of f.
5, 7
Suppose 36*r - s = 37*r - 5626, 0 = -r - 3*s + 5634. What are the prime factors of r?
2, 3, 937
Let c(q) = -q**3 + 14*q**2 + 27*q - 10. Let r(v) = v**3 + 40*v**2 + 5*v + 213. Let w be r(-40). What are the prime factors of c(w)?
2, 3, 5, 17
Suppose 22 - 4 = 9*d. Suppose 0*b = -b - 4*z + 790, 4*b + d*z - 3132 = 0. What are the prime factors of b?
2, 17, 23
Suppose 3*t + 5*y + 0*y - 64 = 0, 4 = 2*y. Suppose 0 = 2*r - 4*h - 14, 4*r - 5*h - 1 = t. List the prime factors of 2 - 2/((3/(-102))/r).
2, 5, 7
Let v = -10 + 15. Suppose 5*o + v - 40 = 0. Suppose o*t = -4*t + 352. What are the prime factors of t?
2
Let m be (11 - 1)*5/60*6. Let r(z) = z**3 - 5*z**2 - z - 1. Let q be r(m). Let b(d) = -d**3 - 5*d**2 - 3*d + 8. What are the prime factors of b(q)?
2, 31
Let t(i) = -53*i**3 + 20*i**2 + 109*i - 23. List the prime factors of t(-5).
79, 83
Suppose 98*g - 1727688 - 642056 - 913256 = 0. What are the prime factors of g?
2, 5, 67
Let z = -4839 - -9232. Let y = -3029 + z. List the prime factors of y.
2, 11, 31
Let k = 90 + -78. Let q be k*(-76)/(-18) - (-1)/3. What are the prime factors of (10 + -4)/(6/q + 0)?
3, 17
Suppose 14748 = 3*l + 3*p, -2*l + 8886 = 5*p - 934. List the prime factors of l.
2, 3, 5, 41
Let b = -5 + 7. Let k(p) = 45*p - 1350. Let d be k(30). Suppose d = c - b, 0*c = -2*s - c + 254. List the prime factors of s.
2, 3, 7
Let o = -404 - -404. Let f(m) = m**3 - m**2 + 2*m + 941. List the prime factors of f(o).
941
Suppose 102*i - 110*i + 8 = 0. What are the prime factors of ((-15)/60)/(((-3)/7932)/i)?
661
What are the prime factors of -17 + -2 + -9 + 24159?
59, 409
Let d be (-5240)/(-6) - (-5 + 117/27). Suppose 6 = -2*n, g - 3*n + n = d. What are the prime factors of g?
2, 7, 31
List the prime factors of (-12)/36 - (-1 + 2)/(15/(-119645)).
2, 997
Let q = -6634 - -9410. What are the prime factors of q?
2, 347
Let n be ((-5)/((-20)/(-16)))/(8/(-1052)). Let q = 953 - n. List the prime factors of q.
7, 61
Let y be 3 - 1/(-3)*3. Suppose -11*f = -13*f - y. List the prime factors of ((-4)/(-5))/(f/(-70)).
2, 7
Let l = 9 + -7. Let m(f) = -2*f**l + 6*f + 4*f**2 - 2*f**3 + f**3. List the prime factors of m(-4).
2, 3
Let w = 1323 + -547. Let h = w + -381. What are the prime factors of h?
5, 79
Let j(c) = -17*c**3 + c**2 - c + 1. Suppose 0 = 4*w - 4*r - 4, -3*w - 5*r - 18 = 3. Let p be (w + -1)*4/6*1. What are the prime factors of j(p)?
11, 13
Suppose -4*r - 4*b = 20, -r + 13 = -4*b + 8. What are the prime factors of ((-44)/r - 5)/((-1)/(-18))?
2, 3, 29
Let a = -81453 - -117469. List the prime factors of a.
2, 2251
Let x(r) = 410*r**2 - 108*r - 62. What are the prime factors of x(5)?
2, 3, 67
Let x be ((-78)/12 - -5)/(2/(-4)). Suppose -4*t + 314 = 5*d, 0 = -3*d - x*t - 0*t + 186. What are the prime factors of d?
2, 3, 11
Let q(t) be the first derivative of 9*t**2/2 + 14*t + 12. Let g(m) = 26*m + 43. L